 6*t. Let o = -2 + 9. Suppose s = o*s - t. Is s prime?
False
Let k(o) = -3462*o + 23. Is k(-8) a prime number?
False
Let x = -2243 + 3336. Suppose -2*s + x + 69 = 0. Is s composite?
True
Let g = 108481 - 61230. Is g composite?
False
Let t(r) = -4*r**3 - 20*r**2 + 2*r + 35. Is t(-18) prime?
False
Suppose k + 5*m + 22 = 0, -k - m + 8 = -2*m. Suppose -2*w + 699 = w + 3*v, -k*v - 699 = -3*w. Is w prime?
True
Let q = 1582 - -313. Is q prime?
False
Let z(q) = -q. Let r(a) = -4*a**2 - 3*a - 5. Let j(u) = -r(u) - 5*z(u). Is j(14) a composite number?
True
Let j be 3 + -5 + 6 - 4. Suppose j = 6*f - 3*f - 174. Is f a prime number?
False
Let u(b) = 49*b**2 + 37*b + 221. Is u(-33) composite?
False
Let b = 1245 + -631. Suppose 2*l = -2*f + 5*l + 413, b = 3*f + l. Is f prime?
False
Suppose 11*l + 20 = 15*l, -2511 = -4*g + l. Is g a prime number?
False
Suppose -128*q = -121*q - 13811. Is q composite?
False
Let c = -624 - -1155. Let g = 922 - c. Is g composite?
True
Let u be (-2 + 11228)/(-3) + 2/2. Let h = u + 5398. Is h a composite number?
False
Let h(w) = -w**3 + 4*w**2 + 5*w + 8. Let a be h(5). Let p(i) = 5*i - 19. Is p(a) a composite number?
True
Let m be (-1568)/72 - (-4)/(-18). Let s = m - -20. Is s + 37 + 6/3 a prime number?
True
Let s be (-2 + 1)*1*(16 + -16). Let d(w) = -15*w + 263. Is d(s) composite?
False
Suppose -24*c - 30 = -34*c. Let f be (-2)/(-8) - (-7)/4. Suppose c*w - 278 = -f*z, -3*z - 3*w + 234 = -189. Is z composite?
True
Is (20 - 24)*((-451)/4 + 0) prime?
False
Let i(v) = 12*v**2 - 19*v + 21. Is i(-12) prime?
False
Suppose -3*f + 3982 + 509 = 0. Let i = f - 1004. Is i prime?
False
Suppose 0 = 4*z - 10595 - 52737. Is z prime?
False
Is 37 + (-12 - -8)/(2/3) a prime number?
True
Let y = 22662 - -6823. Is y prime?
False
Suppose 1172 + 244 = 4*v. Suppose -3*l - 810 = -129. Let d = v + l. Is d a prime number?
True
Let s be (-2 - -3)/(-1) + 104. Suppose -s = 4*x - 5*x. Let j = x + -34. Is j a prime number?
False
Suppose -2*r = -4*f + 2*f - 1404, -2*f = r - 702. Let g = r - 415. Is g composite?
True
Let t(x) = -6*x - 2. Let s be t(-1). Suppose -3*g + k = -0*k - 188, -s*g + 2*k = -252. Let i = 109 - g. Is i a prime number?
True
Suppose 0 = -3*s + 12306 + 2070. Suppose 0 = 3*o - s - 18155. Is o composite?
False
Suppose -3*x - 55*b = -50*b - 2905, -5*x - 3*b + 4831 = 0. Is x a prime number?
False
Suppose -57728 = -6*w + 14494. Is w prime?
True
Suppose 11*c = 8*c - 855. Let d = 592 + c. Is d a prime number?
True
Let f = -11 - -47. Suppose -q = -k + f + 156, 0 = q + 5. Is k a composite number?
True
Is 0 + 8545 + -100 + 97 a composite number?
True
Suppose -u + 820 = 3*u. Is u composite?
True
Suppose 0 = 5*h - 5*a - 9465, -3*a + 13 = 1. Is h prime?
False
Let o(z) = 21*z**2 + 60*z - 23. Is o(-30) a composite number?
False
Let l(v) = -41*v**3 - 6*v**2 + 4*v + 2. Let b(j) = j**2 - 4*j - 3. Let i be b(4). Is l(i) a prime number?
False
Is ((-1)/(-4))/(3/23388) composite?
False
Suppose 4*z - b + 2 = 0, 0 = 2*z + b - 2 - 0. Suppose -2*q - 1878 + 8990 = z. Is (q/21)/(4/6) composite?
True
Let t(m) = 15*m**3 - 5*m**2 + 5*m - 13. Let c be (18/4)/((-9)/(-12)). Is t(c) prime?
False
Let w be (-60)/(-16) + 1/4. Suppose -4*d = t - 0*t - 13, -2*t = -3*d - w. Is 4 - ((d - 2) + -181) a prime number?
False
Let d(f) be the third derivative of 0 + 0*f + 9/10*f**6 - 5*f**2 + 0*f**4 + 1/60*f**5 + 0*f**3. Is d(1) a composite number?
False
Suppose -10*h - 6*h = -29936. Suppose 2*c - 5*g + 7429 = 6*c, 0 = -c - 4*g + h. Is c a prime number?
False
Suppose 43 = -7*h - 90. Let i(x) = -x**3 - 15*x**2 + 18*x + 39. Is i(h) composite?
True
Let f = 5199 - 2036. Is f a prime number?
True
Suppose 0 = -2*h + 4*w + 26, -31 = -3*h + 6*w - 2*w. Suppose 0 = h*r + 5*i + 106 - 461, -3*r - i = -203. Suppose 3*c = 315 + r. Is c a prime number?
True
Let d = 7 + 134. Is d prime?
False
Suppose -12 = -x - 3*x. Suppose -1003 = -x*q - 10. Is q a composite number?
False
Suppose 4*y + 94 = 3*n, n + 4*y = 2*y + 38. Suppose n = c - 289. Is c a prime number?
False
Is 295/177 + (-9236)/(-6) a composite number?
True
Let c(p) = -p**3 + 14*p**2 - 12*p - 10. Let i be c(13). Suppose -i*f + 2765 = 4*s, 0*s - 4*f - 715 = -s. Is s a composite number?
True
Is (-9)/(-15) - (550669/(-35) - -7) composite?
False
Suppose -4*p = -0*u + 5*u - 15, 3*u = 3*p - 18. Let n be ((-4)/(-5))/(p/75). Is 2/(-8) + 1899/n prime?
False
Let h(r) = 3*r**3 + 7*r**2 - 12*r + 5. Is h(8) a prime number?
False
Is 287/(-3 + 6 + -2) composite?
True
Suppose t = -3*s + 163, -5*t + t - 50 = -s. Is 2*(47475/s + 1/3) composite?
False
Suppose 0 = a - 14 + 2. Is (934/(-8))/((-3)/a) a composite number?
False
Let t = 195 - 52. Is 130 - (t/55 + 4/10) composite?
False
Suppose 0 = 4*q - 3*q - 900. Let g = -413 + q. Is g prime?
True
Let c(n) = 41*n + 30*n - 8*n - 11. Is c(2) composite?
True
Let r be 108*4/4 + 3. Suppose 2*i - 5*i + r = 0. Is i a prime number?
True
Let n = 1043 - -548. Is n composite?
True
Let i = -38 + 40. Suppose i*v - 293 = 137. Is v composite?
True
Suppose 56*s = 61*s - 11230. Is s a prime number?
False
Let d(q) = q**3 - 3*q**2 - 6*q + 1. Let v be d(8). Let s = 1064 - v. Is s prime?
False
Suppose -2*x - 2978 = -0*x + 4*r, 4*x + 2*r = -5962. Let l = -969 - x. Let t = l + -309. Is t prime?
False
Let i = 160 - -1458. Is i composite?
True
Is 9 + -14 + (3 - 2)*456 prime?
False
Let y(j) = 2*j**2 + 12*j - 9. Let a be y(9). Let q = a - 166. Let g = 184 - q. Is g composite?
False
Let i = -16 + 16. Suppose i*b - 2*f = -b + 424, 1217 = 3*b + 5*f. Is (2/6)/(6/b) composite?
False
Suppose 40 = -3*j - j. Let z = j + 10. Suppose 13*h - 16*h + 669 = z. Is h a prime number?
True
Let l(n) = 3360*n**2 + 13*n + 12. Is l(-1) a composite number?
False
Let n = 3192 - 1623. Is n prime?
False
Let j(y) = -15*y**3 + 4*y**2 + 6*y - 4. Is j(-3) composite?
False
Let g(s) = -10*s - 6. Let z be g(13). Let q = z + 295. Is q prime?
False
Suppose 0 = -3*k + 2*q + 16, -2*k + 4*k + q + 1 = 0. Suppose k*s - 18 = 5*s. Is (-314)/s*(3 + 0) a prime number?
True
Suppose -l - 144 = 2*l. Let i = 73 + l. Let o = -6 + i. Is o a composite number?
False
Let v(w) = 633*w + 56. Is v(7) a composite number?
True
Suppose -10*v = -6*v - 35336. Suppose 94*u = 92*u + v. Is u prime?
False
Let c = -316 + 303. Let q(i) be the first derivative of i**4/4 + 5*i**3 + 5*i**2 - 17*i - 2. Is q(c) a composite number?
False
Let r = -16148 - -31501. Is r a prime number?
False
Let z(l) = -381*l + 28. Is z(-9) prime?
True
Let h be (-2)/((10/25)/((-3)/5)). Suppose 0 = -h*c + 469 + 404. Is c prime?
False
Let u = 31491 - -11626. Is u prime?
True
Let a be 1/3 + 6251/3. Suppose 0 = -9*b + a + 2839. Is b prime?
True
Suppose -144*h + 145*h = -634. Is (h/4)/(5/10 + -1) a prime number?
True
Let y = 210 - -644. Let a = 1265 - y. Is a composite?
True
Let w(k) = k**3 - 59*k**2 - 40*k - 79. Is w(60) composite?
True
Let k = 19 + -29. Is (-2)/k + (-18194)/(-55) composite?
False
Let d(m) = -106*m**2 - 13*m - 8. Let b be d(7). Let y = b - -8748. Is y a composite number?
True
Let k be 16/24*339/2. Let j(d) = -d**2 - 5*d + 6. Let s be j(6). Let f = s + k. Is f composite?
False
Suppose x - 5*x - 172 = 0. Let q = x + 73. Let p = 61 - q. Is p prime?
True
Suppose 13*g - 32*g = -33763. Is g a composite number?
False
Let f(g) = 263*g**2 + 3*g - 1. Let l = 24 - 22. Is f(l) a prime number?
False
Let w be 4 - 2/((-8)/(-12)). Let p = w - -3. Suppose 156 = -p*l + 8*l. Is l a prime number?
False
Suppose 16*u - 84*u + 3636028 = 0. Is u composite?
True
Suppose -q + 4*q = 3*f + 3, -4*f - 4*q = -20. Suppose 4*m - 36167 = -5*p, 16184 = 5*p - f*m - 19995. Is p composite?
True
Suppose 0 = -12*i + 816751 - 268555. Is i a prime number?
False
Suppose 0 = 5*q - 4*q - 27. Let s be (-18)/q - 154/(-6). Suppose -5*p = -d + 332, -d - s = -2*p - 342. Is d prime?
True
Is (3 - (-1807)/4*-2)*-4 a composite number?
True
Let j(u) = u + 7. Let m be j(-7). Suppose -y + m*y = -4. Suppose 5*s + 4*z - 1321 = 2120, -4*s + 2756 = y*z. Is s a composite number?
True
Let v be ((-4)/(-3))/(2/159). Suppose t + 11 = -v. Let l = 25 - t. Is l a composite number?
True
Let z(j) = j**2 - 12*j + 11. Let u be z(10). Let a = u + 27. Let y = 131 + a. Is y a prime number?
True
Let t = -22 + 24. Suppose t*g = 5*g. Suppose 2*q - 7*q + 55 = g. Is q a prime number?
True
Let x(d) = d**2 